{"id":1596,"date":"2022-02-09T12:21:40","date_gmt":"2022-02-09T12:21:40","guid":{"rendered":"https:\/\/www.childrenofmedellin.comactividades\/escuela-de-futbol-la-naranja-mecanica\/"},"modified":"2024-06-12T19:15:47","modified_gmt":"2024-06-12T19:15:47","slug":"escuela-de-futbol-la-naranja-mecanica","status":"publish","type":"page","link":"https:\/\/childrenofmedellin.com\/staging\/actividades\/escuela-de-futbol-la-naranja-mecanica\/?lang=es","title":{"rendered":"Escuela de F\u00fatbol La Naranja Mec\u00e1nica"},"content":{"rendered":"\t\t<div data-elementor-type=\"wp-page\" data-elementor-id=\"1596\" class=\"elementor elementor-1596 elementor-975\" data-elementor-post-type=\"page\">\n\t\t\t\t\t\t<section class=\"elementor-section elementor-top-section elementor-element elementor-element-2bc5cff elementor-section-height-min-height elementor-section-boxed elementor-section-height-default elementor-section-items-middle\" data-id=\"2bc5cff\" data-element_type=\"section\" data-e-type=\"section\">\n\t\t\t\t\t\t\t<div class=\"elementor-background-overlay\"><\/div>\n\t\t\t\t\t\t\t<div class=\"elementor-container elementor-column-gap-default\">\n\t\t\t\t\t<div class=\"elementor-column elementor-col-100 elementor-top-column elementor-element elementor-element-1fa03cd\" data-id=\"1fa03cd\" data-element_type=\"column\" data-e-type=\"column\">\n\t\t\t<div class=\"elementor-widget-wrap elementor-element-populated\">\n\t\t\t\t\t\t<div class=\"elementor-element elementor-element-cade3bf elementor-widget elementor-widget-heading\" data-id=\"cade3bf\" data-element_type=\"widget\" data-e-type=\"widget\" data-widget_type=\"heading.default\">\n\t\t\t\t<div class=\"elementor-widget-container\">\n\t\t\t\t\t<h2 class=\"elementor-heading-title elementor-size-default\">Escuela de F\u00fatbol La Naranja Mec\u00e1nica<\/h2>\t\t\t\t<\/div>\n\t\t\t\t<\/div>\n\t\t\t\t\t<\/div>\n\t\t<\/div>\n\t\t\t\t\t<\/div>\n\t\t<\/section>\n\t\t\t\t<section class=\"elementor-section elementor-top-section elementor-element elementor-element-9853b0b elementor-section-boxed elementor-section-height-default elementor-section-height-default\" data-id=\"9853b0b\" data-element_type=\"section\" data-e-type=\"section\" data-settings=\"{&quot;background_background&quot;:&quot;gradient&quot;}\">\n\t\t\t\t\t\t<div class=\"elementor-container elementor-column-gap-default\">\n\t\t\t\t\t<div class=\"elementor-column elementor-col-100 elementor-top-column elementor-element elementor-element-d029368\" data-id=\"d029368\" data-element_type=\"column\" data-e-type=\"column\">\n\t\t\t<div class=\"elementor-widget-wrap elementor-element-populated\">\n\t\t\t\t\t\t<div class=\"elementor-element elementor-element-434a066 elementor-widget elementor-widget-text-editor\" data-id=\"434a066\" data-element_type=\"widget\" data-e-type=\"widget\" data-widget_type=\"text-editor.default\">\n\t\t\t\t<div class=\"elementor-widget-container\">\n\t\t\t\t\t\t\t\t\t<p>La escuela de f\u00fatbol &#8216;La Naranja Mec\u00e1nica&#8217; (el apodo del f\u00fatbol holand\u00e9s en Am\u00e9rica Latina) organiza actividades en los campos de f\u00fatbol de los barrios Carambolas y Bello Oriente y en cooperaci\u00f3n con organizaciones del centro de la ciudad.<\/p>\n<p>Hay 11 equipos de f\u00fatbol en diferentes edades con un total de 240 ni\u00f1os, ni\u00f1as y j\u00f3venes. Entrenan y participan como equipo en torneos de la ciudad. La fundaci\u00f3n tambi\u00e9n organiza su propio torneo, &#8216;Construyendo Caminos&#8217;, para un total de 20 equipos de f\u00fatbol.<\/p>\n\t\t\t\t\t\t\t\t<\/div>\n\t\t\t\t<\/div>\n\t\t\t\t\t<\/div>\n\t\t<\/div>\n\t\t\t\t\t<\/div>\n\t\t<\/section>\n\t\t\t\t<\/div>\n\t\t","protected":false},"excerpt":{"rendered":"<p>Escuela de F\u00fatbol La Naranja Mec\u00e1nica La escuela de f\u00fatbol &#8216;La Naranja Mec\u00e1nica&#8217; (el apodo del f\u00fatbol holand\u00e9s en Am\u00e9rica Latina) organiza actividades en los campos de f\u00fatbol de los barrios Carambolas y Bello Oriente y en cooperaci\u00f3n con organizaciones del centro de la ciudad. Hay 11 equipos de f\u00fatbol en diferentes edades con un &hellip;<\/p>\n","protected":false},"author":3,"featured_media":0,"parent":1592,"menu_order":0,"comment_status":"closed","ping_status":"closed","template":"","meta":{"inline_featured_image":false,"footnotes":"","_links_to":"","_links_to_target":""},"class_list":["post-1596","page","type-page","status-publish","hentry"],"_links":{"self":[{"href":"https:\/\/childrenofmedellin.com\/staging\/wp-json\/wp\/v2\/pages\/1596","targetHints":{"allow":["GET"]}}],"collection":[{"href":"https:\/\/childrenofmedellin.com\/staging\/wp-json\/wp\/v2\/pages"}],"about":[{"href":"https:\/\/childrenofmedellin.com\/staging\/wp-json\/wp\/v2\/types\/page"}],"author":[{"embeddable":true,"href":"https:\/\/childrenofmedellin.com\/staging\/wp-json\/wp\/v2\/users\/3"}],"replies":[{"embeddable":true,"href":"https:\/\/childrenofmedellin.com\/staging\/wp-json\/wp\/v2\/comments?post=1596"}],"version-history":[{"count":19,"href":"https:\/\/childrenofmedellin.com\/staging\/wp-json\/wp\/v2\/pages\/1596\/revisions"}],"predecessor-version":[{"id":4412,"href":"https:\/\/childrenofmedellin.com\/staging\/wp-json\/wp\/v2\/pages\/1596\/revisions\/4412"}],"up":[{"embeddable":true,"href":"https:\/\/childrenofmedellin.com\/staging\/wp-json\/wp\/v2\/pages\/1592"}],"wp:attachment":[{"href":"https:\/\/childrenofmedellin.com\/staging\/wp-json\/wp\/v2\/media?parent=1596"}],"curies":[{"name":"wp","href":"https:\/\/api.w.org\/{rel}","templated":true}]}}

Escuela de Fútbol La Naranja Mecánica

<div data-elementor-type="wp-page" data-elementor-id="1596" class="elementor elementor-1596 elementor-975" data-elementor-post-type="page">
						<section class="elementor-section elementor-top-section elementor-element elementor-element-2bc5cff elementor-section-height-min-height elementor-section-boxed elementor-section-height-default elementor-section-items-middle" data-id="2bc5cff" data-element_type="section" data-e-type="section">
							<div class="elementor-background-overlay"></div>
							<div class="elementor-container elementor-column-gap-default">
					<div class="elementor-column elementor-col-100 elementor-top-column elementor-element elementor-element-1fa03cd" data-id="1fa03cd" data-element_type="column" data-e-type="column">
			<div class="elementor-widget-wrap elementor-element-populated">
						<div class="elementor-element elementor-element-cade3bf elementor-widget elementor-widget-heading" data-id="cade3bf" data-element_type="widget" data-e-type="widget" data-widget_type="heading.default">
				<div class="elementor-widget-container">
					<h2 class="elementor-heading-title elementor-size-default">Escuela de Fútbol La Naranja Mecánica</h2>				</div>
				</div>
					</div>
		</div>
					</div>
		</section>
				<section class="elementor-section elementor-top-section elementor-element elementor-element-9853b0b elementor-section-boxed elementor-section-height-default elementor-section-height-default" data-id="9853b0b" data-element_type="section" data-e-type="section" data-settings="{&quot;background_background&quot;:&quot;gradient&quot;}">
						<div class="elementor-container elementor-column-gap-default">
					<div class="elementor-column elementor-col-100 elementor-top-column elementor-element elementor-element-d029368" data-id="d029368" data-element_type="column" data-e-type="column">
			<div class="elementor-widget-wrap elementor-element-populated">
						<div class="elementor-element elementor-element-434a066 elementor-widget elementor-widget-text-editor" data-id="434a066" data-element_type="widget" data-e-type="widget" data-widget_type="text-editor.default">
				<div class="elementor-widget-container">
									<p>La escuela de fútbol &#8216;La Naranja Mecánica&#8217; (el apodo del fútbol holandés en América Latina) organiza actividades en los campos de fútbol de los barrios Carambolas y Bello Oriente y en cooperación con organizaciones del centro de la ciudad.</p>
<p>Hay 11 equipos de fútbol en diferentes edades con un total de 240 niños, niñas y jóvenes. Entrenan y participan como equipo en torneos de la ciudad. La fundación también organiza su propio torneo, &#8216;Construyendo Caminos&#8217;, para un total de 20 equipos de fútbol.</p>
								</div>
				</div>
					</div>
		</div>
					</div>
		</section>
				</div>

<p>Escuela de Fútbol La Naranja Mecánica La escuela de fútbol &#8216;La Naranja Mecánica&#8217; (el apodo del fútbol holandés en América Latina) organiza actividades en los campos de fútbol de los barrios Carambolas y Bello Oriente y en cooperación con organizaciones del centro de la ciudad. Hay 11 equipos de fútbol en diferentes edades con un &hellip;</p>
